{"id":65,"date":"2023-09-04T08:57:27","date_gmt":"2023-09-04T08:57:27","guid":{"rendered":"https:\/\/dafi.hu\/?page_id=65"},"modified":"2023-09-28T12:29:59","modified_gmt":"2023-09-28T12:29:59","slug":"fo-celjaink","status":"publish","type":"page","link":"https:\/\/dafi.hu\/index.php\/fo-celjaink\/","title":{"rendered":"F\u0151 c\u00e9ljaink"},"content":{"rendered":"\n<p>&#8211; Dabas fejl\u0151d\u00e9s\u00e9t, polg\u00e1riasod\u00e1s\u00e1t akar\u00f3 fiatalabb \u00e9s id\u0151sebb v\u00e1roslak\u00f3k k\u00e9pviselete a helyi k\u00f6z\u00e9letben<\/p>\n\n\n\n<p>&#8211; A telep\u00fcl\u00e9s sz\u00e9ttagolts\u00e1g\u00e1t er\u0151s\u00edt\u0151 vagy sz\u00e9tszakad\u00e1s\u00e1t szorgalmaz\u00f3 t\u00f6rekv\u00e9sekkel szemben az egys\u00e9gben marad\u00e1s alternat\u00edv\u00e1j\u00e1nak er\u0151s\u00edt\u00e9se<\/p>\n\n\n\n<p>-A k\u00fcl\u00f6nb\u00f6z\u0151 gener\u00e1ci\u00f3k k\u00f6z\u00f6tti kapcsolatok sz\u00e1lainak er\u0151s\u00edt\u00e9se<\/p>\n\n\n\n<p>&#8211; Helyi karitat\u00edv tev\u00e9kenys\u00e9gek szervez\u00e9se, v\u00e9gz\u00e9se, pl: id\u0151sekr\u0151l val\u00f3 gondoskod\u00e1s, h\u00e1tr\u00e1nyos helyzet\u0171ek, elesettek t\u00e1mogat\u00e1sa \u2026stb.<\/p>\n\n\n\n<p>&#8211; Fiatalok tov\u00e1bbtanul\u00e1s\u00e1nak \u00e9s munk\u00e1ba \u00e1ll\u00e1s\u00e1nak t\u00e1mogat\u00e1sa.<\/p>\n\n\n\n<p>&#8211; Tehets\u00e9gkutat\u00e1s, menedzsel\u00e9s<\/p>\n\n\n\n<p>&#8211; A v\u00e1ros j\u00f3 h\u00edrnev\u00e9nek \u00f6regb\u00edt\u00e9se<\/p>\n\n\n\n<p>&#8211; Dabason m\u0171k\u00f6d\u0151 t\u00e1rsadalmi szervezetek \/gyermek, feln\u0151tt\/ hazai \u00e9s nemzetk\u00f6zi kapcsolatteremt\u0151 t\u00f6rekv\u00e9seinek t\u00e1mogat\u00e1sa. Valamint mindennem\u0171 gazdas\u00e1gi \u00e9s nonprofit tev\u00e9kenys\u00e9g ami Dabas V\u00e1ros \u00e9rdekeit szolg\u00e1lja, s jogszab\u00e1lyba, vagy m\u00e1sok \u00e9rdekeibe nem \u00fctk\u00f6zik.<\/p>\n","protected":false},"excerpt":{"rendered":"<p>&#8211; Dabas fejl\u0151d\u00e9s\u00e9t, polg\u00e1riasod\u00e1s\u00e1t akar\u00f3 fiatalabb \u00e9s id\u0151sebb v\u00e1roslak\u00f3k k\u00e9pviselete a helyi k\u00f6z\u00e9letben &#8211; A telep\u00fcl\u00e9s sz\u00e9ttagolts\u00e1g\u00e1t er\u0151s\u00edt\u0151 vagy sz\u00e9tszakad\u00e1s\u00e1t szorgalmaz\u00f3 t\u00f6rekv\u00e9sekkel szemben az egys\u00e9gben marad\u00e1s alternat\u00edv\u00e1j\u00e1nak er\u0151s\u00edt\u00e9se -A k\u00fcl\u00f6nb\u00f6z\u0151 gener\u00e1ci\u00f3k k\u00f6z\u00f6tti kapcsolatok sz\u00e1lainak er\u0151s\u00edt\u00e9se &#8211; Helyi karitat\u00edv tev\u00e9kenys\u00e9gek szervez\u00e9se, v\u00e9gz\u00e9se, pl: id\u0151sekr\u0151l val\u00f3 gondoskod\u00e1s, h\u00e1tr\u00e1nyos helyzet\u0171ek, elesettek t\u00e1mogat\u00e1sa \u2026stb. &#8211; Fiatalok tov\u00e1bbtanul\u00e1s\u00e1nak \u00e9s munk\u00e1ba <a href=\"https:\/\/dafi.hu\/index.php\/fo-celjaink\/\" class=\"read-more below\">READ MORE<\/a><\/p>\n","protected":false},"author":1,"featured_media":0,"parent":0,"menu_order":0,"comment_status":"closed","ping_status":"closed","template":"","meta":{"footnotes":""},"class_list":["post-65","page","type-page","status-publish","hentry"],"_links":{"self":[{"href":"https:\/\/dafi.hu\/index.php\/wp-json\/wp\/v2\/pages\/65","targetHints":{"allow":["GET"]}}],"collection":[{"href":"https:\/\/dafi.hu\/index.php\/wp-json\/wp\/v2\/pages"}],"about":[{"href":"https:\/\/dafi.hu\/index.php\/wp-json\/wp\/v2\/types\/page"}],"author":[{"embeddable":true,"href":"https:\/\/dafi.hu\/index.php\/wp-json\/wp\/v2\/users\/1"}],"replies":[{"embeddable":true,"href":"https:\/\/dafi.hu\/index.php\/wp-json\/wp\/v2\/comments?post=65"}],"version-history":[{"count":2,"href":"https:\/\/dafi.hu\/index.php\/wp-json\/wp\/v2\/pages\/65\/revisions"}],"predecessor-version":[{"id":230,"href":"https:\/\/dafi.hu\/index.php\/wp-json\/wp\/v2\/pages\/65\/revisions\/230"}],"wp:attachment":[{"href":"https:\/\/dafi.hu\/index.php\/wp-json\/wp\/v2\/media?parent=65"}],"curies":[{"name":"wp","href":"https:\/\/api.w.org\/{rel}","templated":true}]}}